s the units digit of g?
9
Let j(t) = 5*t**2 + 6*t + 38. Let z = -145 - -137. What is the tens digit of j(z)?
1
Let t be 0*2/(-8) + (4 - -1). Suppose 110 = -t*h + 2890. What is the units digit of h?
6
Suppose 2*m - 7553 = 4*l + 1125, -3*m - 3*l = -12954. What is the units digit of m?
5
Let q = -44 + 36. Let h be (-3)/((-156)/q) + 4/26. Let f(v) = v + 29. What is the tens digit of f(h)?
2
Suppose -3*j = 1951 + 968. Let q = j - -1394. What is the tens digit of q?
2
Let s(w) = w + 5. Let j(b) = -52*b - 23. Let v(h) = -j(h) + 3*s(h). What is the tens digit of v(23)?
0
Suppose -6*f = -16*f + 60. Let d = 9 - f. Suppose 4*h = d*q + 777, 2 + 4 = -2*q. What is the units digit of h?
2
Suppose -2*m = -5*y + 6*y - 4902, 0 = -3*m - 4*y + 7353. Let b = -1508 + m. What is the units digit of b?
3
Let b(j) = -25*j - 2*j**2 - 16*j + 6 + 13 + 17*j**2. What is the units digit of b(10)?
9
What is the tens digit of (1183740/525)/(12/42) + 2/5?
9
Let o be (-696)/15 + 24/10 + -2. Let d = o - -355. What is the tens digit of d?
0
Suppose -46*j = -132*j - 186*j + 10909376. What is the units digit of j?
8
Let i = -11137 - -15085. What is the units digit of i?
8
Let q = -101069 - -148326. What is the ten thousands digit of q?
4
Let j(p) = 810*p**3 - 2440*p**3 + 1 + 814*p**3 + 817*p**3 - 5*p + 7*p**2. Suppose 4*i = -m - 18, 2*i = -m + 3*m + 6. What is the tens digit of j(m)?
6
Let h(b) = 5*b - 22. Let i be h(11). Let k be 0 - 11/(i/(-450)). Suppose 20 + k = 5*c. What is the tens digit of c?
3
Let v(w) = 2047*w - 1587. What is the ten thousands digit of v(8)?
1
Let a = -86 - -88. Let x(c) = 24*c**3 - 2*c**2 - 3*c + 3. What is the hundreds digit of x(a)?
1
Let l = 130 + -126. Suppose -2*y + 3*y - 1057 = -l*o, -4*y = o - 268. Let r = o + -174. What is the units digit of r?
0
Let h(a) = 387*a**2 - 88*a + 381. What is the tens digit of h(5)?
1
Suppose -15258944 = -396*t + 148*t. What is the thousands digit of t?
1
Let w be (0/(4/(-4)))/(-1). Suppose w = -0*d - d + 3*d. Suppose d = 2*m + 3*m - 590. What is the tens digit of m?
1
Let a(o) = 26*o + 1154. Let i be a(0). Let v = -575 + i. What is the units digit of v?
9
Let o(v) = -64*v + 11. Suppose -3 + 27 = -4*g. What is the units digit of o(g)?
5
Suppose 5*o + 108 = 4*f, -5*f + 98 = -o - 58. Suppose 5*u = 0, l - 4*l = -4*u - 9. Suppose f = j - l. What is the units digit of j?
5
What is the tens digit of 112/64 + (-559959)/(-12)?
6
Suppose -2*l = l - 99. Suppose 0 = 4*i - 7*p + 9*p - 140, -5*i + 181 = p. Suppose 60 = i*j - l*j. What is the units digit of j?
5
Let h(c) be the second derivative of 11*c**3/3 - 33*c**2/2 - 3*c + 4. What is the tens digit of h(6)?
9
Let j(x) = x**3 - 16*x**2 + 18*x - 2. Let g be j(15). Let a(t) = 4*t + 259. What is the tens digit of a(g)?
3
Let m = 29288 + -19153. What is the tens digit of m?
3
Let u = 22301 + -15624. What is the hundreds digit of u?
6
Let s = 45302 + 19416. What is the hundreds digit of s?
7
Let o(s) = 4*s**3 - 24*s**2 + 6*s - 8. What is the hundreds digit of o(22)?
1
Suppose 2*s = m + 109, 2*s + 4*m - 139 = -m. Let x = 359 - s. What is the units digit of x?
2
Let u = 8 + -8. Suppose u = 3*l + 6, z - 1 = l + 1. Suppose -v - 6*v + 532 = z. What is the units digit of v?
6
What is the thousands digit of ((-72)/(-24) + 1*-5)/((-12)/36624)?
6
Let t(q) = 97*q + 1115. What is the thousands digit of t(48)?
5
Suppose 2983 = 2*n + q, 9*n - 3*q - 5961 = 5*n. What is the units digit of n?
1
Suppose 63*h - 9344 = 55*h. What is the tens digit of h?
6
Suppose -39 = 2*i + 3. Let l = -685 + 8. What is the units digit of 1/((-7)/l) + (-6)/i?
7
Let g(v) = v**2 - 27*v + 39. Let p be g(26). Suppose -h - 3907 = -4*o, 8*o + 4880 = p*o - 5*h. What is the tens digit of o?
7
Let l = -1050 + 5579. What is the thousands digit of l?
4
Let l be (-6)/6 - (-2 + -1). Suppose 9 = 3*w, -25 = -z + l*w + w. Suppose 0 = -5*v + t + z, 0 = 2*v - 2*t - t - 11. What is the units digit of v?
7
Suppose -25*h + 204799 = -133176. What is the hundreds digit of h?
5
Let x(q) = -84*q - 1. Let z(a) = 83*a + 1. Let f(p) = -3*x(p) - 4*z(p). Let c be f(1). What is the units digit of 15/(-1)*c/45?
7
Let t(n) = 3*n**3 + 124*n**2 - 82*n - 41. What is the hundreds digit of t(-41)?
0
Let c(n) = -n - 8. Let q be c(-6). Let p = q + 9. Suppose -p*l = -8*l + 71. What is the tens digit of l?
7
Let r = 889 - 808. Let z be (840/18)/(2/6). Suppose o - z = -3*u, -339 = -3*o - 4*u + r. What is the tens digit of o?
4
Let d(l) = 200*l - 25. Let h(v) = -401*v + 51. Let o(n) = 9*d(n) + 4*h(n). Let q be o(-3). Let m = -374 - q. What is the tens digit of m?
3
Suppose -r - 2*r = -6*r. Suppose -5*z + r = 4*m + 6, 2*m + 6 = -z. What is the tens digit of (-1020)/(-10) + (0 - z)/(-2)?
0
Suppose 0 = -s + 4*v + 48 - 20, 0 = -2*s + v + 49. What is the hundreds digit of (-431)/(-4) + (s/6)/16?
1
Suppose 11*t - 39846 = -3*x + 6*t, 2*t - 13283 = -x. Suppose 45*u + x = 62*u. What is the hundreds digit of u?
7
Suppose 5*i - 10942 = -3*t, -4*i - 3680 = -2*t + 3578. What is the tens digit of t?
3
Let j = -2 + 2. Let a be 12 - (3 + -9 + 5). Suppose j = 4*h + 3*z - 83, 2*h - 32 = 3*z - a. What is the units digit of h?
7
Let l = -186 - -193. Suppose l*m + 44 = 8*m. What is the units digit of m?
4
Let c = -340 + 342. Suppose -2*w - 6 = 0, -c*n + 0*n = -4*w - 1294. What is the units digit of n?
1
Let z be 1/2 + 198/44. Suppose -5*w - 5 + 0 = -z*m, 4*w + 25 = -3*m. What is the units digit of 1375/10 - 6/w?
9
Let x(v) = -13*v**3 - 2*v**2 - 4*v + 2. Suppose -5 = -k - 9. What is the units digit of x(k)?
8
Suppose -4*k - 8 = q, -3*q - 2*k - 6 + 2 = 0. Suppose u = 4*z + 17, q = -3*u - 0*u - 5*z. Suppose 0*h + 55 = u*h. What is the tens digit of h?
1
Suppose -10 + 2 = 4*n, -2*z = 5*n - 928. What is the hundreds digit of z?
4
Suppose -3*m = 3*s - 157 - 512, m = 3*s - 653. Let c = s + -27. What is the hundreds digit of c?
1
Suppose 3*x = 34 + 8. Suppose 202 = 2*p - x. What is the tens digit of p?
0
Let l(u) be the second derivative of 5*u**3/3 - 30*u**2 + 31*u. Let n be l(24). Suppose -5*h = -4*w + n, 4*w - 84 = -3*h + 128. What is the tens digit of w?
5
Suppose -4*z + 3*r - 7 = 0, z - 2*z = r. What is the tens digit of z + 4 - (-1066)/13?
8
Suppose -499*x + 3*o = -501*x + 4631, 2*x - 2*o = 4656. What is the thousands digit of x?
2
Let y = 25466 - 16793. Suppose -25*h = -46*h + y. What is the units digit of h?
3
Let z(a) = -19*a - 10. Let x(g) = -g**2 - 15*g - 33. Let p be x(-13). What is the units digit of z(p)?
3
Suppose u - 148 = -2*p - 55, -2*p + 4*u = -108. Let s = p - 43. Suppose -282 = s*d - 7*d. What is the units digit of d?
1
Let r(k) = -3*k**2 - 6*k - 20 - 6 + 5*k**2. What is the units digit of r(-6)?
2
Suppose -16*t + 15*t + 2190 = -14831. What is the hundreds digit of t?
0
Let j(r) = 232*r. Let z be j(5). Suppose -y = 2*t - z, 2*y + 2*y = 3*t - 1740. What is the hundreds digit of t?
5
Let w = 102967 + -65602. What is the units digit of w?
5
Let o(p) = 17*p**2 + 47*p + 45289. What is the units digit of o(0)?
9
Let n(j) = 5*j**2 + 4*j + 21. Suppose 0 = 5*z - 4*g - 175, -z + 4*g - 11 = -2*z. Suppose -2*i = 6*d - d + 26, -z = 4*d + 5*i. What is the units digit of n(d)?
5
Suppose -46*c + 396 = -52*c. What is the tens digit of (4 - (-62)/2)*c/(-5)?
6
Let u = 1209 + -984. Suppose -52*z + 25965 = u. What is the hundreds digit of z?
4
Let s(z) = -z**2 + 34*z - 44. Let w be s(20). Suppose -4*a = -w - 128. What is the units digit of a?
1
Let t = 34895 + -22450. What is the tens digit of t?
4
Let k be -1*4*-12*3/(-48). Let u(r) = -8*r. Let v be u(k). Suppose 29*h = v*h + 880. What is the hundreds digit of h?
1
Let l = -86 - 212. Let f = -731 - -314. Let j = l - f. What is the hundreds digit of j?
1
Let z = -42 + 196. Suppose 0 = -0*d - 3*d + 243. Let p = z - d. What is the units digit of p?
3
Let z be (-2)/(-17) + 59714/(-1241). Suppose 243 = 3*x - y, 2*x + x = 5*y + 243. Let k = x + z. What is the units digit of k?
3
Let x be -2 - (-4 - (6 - 4)) - -1416. Suppose 0 = -2*j + 4*s + 542, x = 4*j + j + 3*s. What is the units digit of j?
1
What is the hundreds digit of -48*(203/(-6) + -24)?
7
Let a = -3470 - -8238. What is the hundreds digit of (-78)/(-702) - a/(-18)?
2
Suppose -39*y + 37*y = -12006. What is the thousands digit of y?
6
Let h(o) = o + 12. Let x(j) = -j - 12. Let a(g) = 